e tens digit of k?
2
What is the hundreds digit of 153231/6 - 0 - 100/40?
5
What is the units digit of 30/(-50)*(2/(-8) + (-20037)/12)?
2
Let r be 1166*((-10)/(-7) - (-3)/(-7)). Suppose -1168*q + 206 = -r*q. What is the tens digit of q?
0
What is the hundreds digit of 317800/36 - 34/(-153)?
8
Suppose 2 = 3*b - 2*b. Suppose 2*x + 14 = -4*d, -3*d = -5*d + x - 9. What is the units digit of (0 - b)/(180/46 + d)?
3
Let a(c) be the second derivative of c**3/3 - 3*c**2 - 2*c. Let l(n) = -n**3 + 20*n**2 - 18*n - 12. Let x be l(19). What is the units digit of a(x)?
8
Let y be (1/2 + -1)*(-5 - 1). Suppose 3*p - 12 = -0, 3*p = y*b - 78. What is the tens digit of (408/(-20))/((-9)/b)?
6
Suppose -l = 5*b - 10847, -14*b + 18*b - 8686 = -5*l. Suppose 0 = -6*x + 129 + b. What is the tens digit of x?
8
Let m(y) = 40 + 6*y**2 - 80 + 43. Let j be ((-10)/25)/(2/10). What is the units digit of m(j)?
7
Let p(j) = 4*j + 103. Let y be p(15). Let u = 451 - y. What is the units digit of u?
8
Let s(t) = 7*t**2 - 4*t - 10. Let r be s(-3). Let k be r/3 - 4/6. What is the tens digit of 5*(k - (-1 - -3))?
9
Let h(b) = -22*b**2 + 18*b + 51. Let w be h(-5). Let k = -307 - w. What is the tens digit of k?
8
Let h(q) = -3*q - 92*q**3 + 93*q**3 + 16 + 8 - 8*q**2. Let n be h(8). Let y(a) = a + 21. What is the units digit of y(n)?
1
Let i(p) = -10*p**2 + 3 - 11*p + 8*p**3 - 5*p**3 - 2*p**3. Let c be i(11). Suppose 0 = -5*u + 20, c*u = f - u - 29. What is the units digit of f?
5
Suppose w - 2*l - 3*l = 32252, -5*l = 3*w - 96676. Suppose 16*x + 35*x = w. What is the tens digit of x?
3
Let y be (-3)/(1 - (-91)/(-70)). What is the hundreds digit of 1/(y/(-48)*36/(-810))?
1
Let l = -6852 + 2649. What is the hundreds digit of ((-8)/((-216)/l))/((-2)/6)?
4
Let a = -161 - -166. Suppose a*t = -3*i + 1548 - 62, -3*i = -4*t + 1178. What is the hundreds digit of t?
2
Let n = 1383 + 1362. What is the units digit of n?
5
What is the hundreds digit of 12 + (9307 - 15) + 8?
3
Let h(k) = -1368*k - 6867. What is the hundreds digit of h(-24)?
9
Let x = -5 + 8. Let f be x/((-9)/6) - 14/(-2). Suppose 80 + 148 = 2*z - 2*y, f*y - 200 = -2*z. What is the tens digit of z?
1
Let g(p) = 130*p - 1. Let u be (-48)/(-36)*(-1 + 7/4). What is the hundreds digit of g(u)?
1
Let j(n) be the first derivative of -13*n**2 + n + 5. Let x be j(-1). What is the tens digit of 392/18 + 6/x?
2
Suppose 2*t - 4 = b - 2, 4*b - 12 = 4*t. Let m be (-4 - 0) + b + 0. Suppose -5*v = 2*a - 225, -m*v + 108 = a - 3*v. What is the units digit of a?
5
Suppose 238 = 11*j + 3*j. Suppose 0 = -j*u + 6851 + 11322. What is the thousands digit of u?
1
Let r = 48323 + -15532. What is the tens digit of r?
9
Suppose 0 = -2*o + 9*o - 21. Suppose 6 = o*c, -2*c = -z + 172 - 45. What is the hundreds digit of z?
1
Let l = 88 - 77. Let n(v) = -9*v - 45. Let t be n(l). Let q = t - -207. What is the units digit of q?
3
Let m = -1 - 2. Let g = 1372 + -1451. Let i = m - g. What is the units digit of i?
6
Let j(s) = -s**3 - 3*s**2 - s + 1. Let w(t) = -5*t**3 + 7*t**2 - 8. Let r(z) = -j(z) - w(z). What is the tens digit of r(3)?
3
What is the units digit of (-45)/81*-3 + (-4)/((-12)/117817)?
4
Suppose 4*u = 6*u - 82. Suppose -5*q - u = -c, -3*c + 171 = q - 4*q. What is the units digit of (16 - c)*(-2)/2?
5
Let k = 176305 + -115888. What is the thousands digit of k?
0
Let x(k) = -k**3 - 6*k**2 + 8*k + 14. Let b be x(-4). Let n = 57 + b. Let m(s) = s**3 - 6*s**2 - 4*s + 10. What is the tens digit of m(n)?
3
Suppose 204*p - 277508 = 176*p. What is the units digit of p?
1
Suppose -6*o - g + 1127 = -11*o, -3*o - 667 = 4*g. Let h = o - -312. What is the units digit of h?
7
Suppose -3976 = -c + 2*l, 2*c = c + 4*l + 3982. Suppose 0 = -5*i - 5*p + c, -i = -p - 253 - 535. What is the tens digit of i?
9
Let t = -68 + 91. Suppose 20*y - t = 77. Suppose -y*k + 109 + 111 = 0. What is the units digit of k?
4
Suppose 2*k + 2*v = 85 + 45, -15 = -3*v. Let m be (-1 - 1)*(k/(-8) - -3). What is the tens digit of ((-12)/m)/(1 + 428/(-420))?
7
Suppose 4 = -3*w + 5*j - 3*j, 3*j = 5*w + 5. Suppose 3*i + 4 = -2*q - w, 0 = 3*i + 6. Suppose q = 10*h - 887 - 53. What is the units digit of h?
4
Suppose 20*t = 18*t + 3*n + 6032, -3*n = 4*t - 12082. What is the units digit of t?
9
Let o(k) be the second derivative of k**4/12 + 7*k**3/6 + 7*k**2/2 + 13*k. Let z be o(-4). What is the tens digit of 5/z*1 - -41?
4
Let p(t) = 3*t**2 + 8*t + 17. What is the tens digit of p(0)?
1
Let x = 561 + -305. Suppose -26*y + 4 = -28*y - 2*o, y - 3*o - 18 = 0. Suppose -b = y*b - x. What is the tens digit of b?
6
Suppose 21*b = 10*b - 1606. Let a = b + 463. What is the hundreds digit of a?
3
Let z be (-1)/(-7) - 3*(-1312)/84. Suppose 4*f + 48*j = z*j + 2527, -3*f - j = -1894. What is the units digit of f?
3
Suppose -2*r - 57 - 4 = 5*y, 31 = -r - 3*y. Let b(v) = v**3 + 29*v**2 + 16*v - 30. What is the hundreds digit of b(r)?
3
Let c(f) = 8*f**2 - 62*f + 610. What is the units digit of c(29)?
0
What is the ten thousands digit of (46202655/(-90))/(-29) - 4/96*4?
1
Let c(i) = 20*i**2 + 195*i + 61. What is the hundreds digit of c(-59)?
1
Let r(p) be the first derivative of -4*p**2 + 26*p + 1. Let w be 15/((-135)/(-18))*33/(-6). What is the tens digit of r(w)?
1
Let b be -2 + (21/3 - 2) + 0. Let s(r) = 367*r - 20. What is the tens digit of s(b)?
8
Suppose 2*o - 440 = 7*o + 5*z, 0 = -4*o + 5*z - 397. Let s = 102 + o. Suppose -2*l - s = -1, 0 = -3*m - l + 686. What is the units digit of m?
0
Suppose -92*a - 210 = -89*a. Let l = 68 + a. What is the tens digit of 508/8 - l/(-4)?
6
Let y = 20 + -25. Let i be 81 - (5 + -1 + y). Suppose -80*u + i*u - 52 = 0. What is the units digit of u?
6
Let i(s) = -816*s + 1956. What is the thousands digit of i(-31)?
7
Let p = 6 + -1. Let l(d) = d**2 - 9*d + 20. Let k be l(6). Suppose k*j - p*j = -36. What is the units digit of j?
2
Suppose -3*t = -7*t, -5*u - 4*t + 1250 = 0. Let i = 555 - u. What is the hundreds digit of i?
3
Suppose 13*r - 26*r + 2033668 = 39*r. What is the tens digit of r?
0
Let k be ((-20)/(-3))/((-6)/108*1). Let t = 35 - 204. Let a = k - t. What is the units digit of a?
9
Suppose -4*c + y + 3144 = 0, -813 = -c - 0*c + 7*y. What is the units digit of c?
5
Suppose -3*q = -q - u, -2*u - 16 = 4*q. What is the tens digit of (20/8*-2)/(q/88)?
2
Let o be (5 - 4/2) + -15. Let b be 2828/16 + 9/o. Let j = 345 - b. What is the units digit of j?
9
Suppose -13852 = -2*w - 8*r + 9*r, 27704 = 4*w - 5*r. What is the tens digit of w?
2
Let w = 23419 + -11454. What is the hundreds digit of w?
9
Let v(s) = 37*s + 226. Let b be v(-6). Suppose -4*y - b*p = -2124, 5*p - 3 = 6*p. What is the hundreds digit of y?
5
Let w(h) = h**3 - h**2 - 4*h - 1. Let n be w(4). Let x = -29 - n. What is the units digit of 546/10 - 24/x?
5
Suppose 5*f = 6*f + 434. Let w = f + 954. What is the tens digit of w?
2
Let d = 28171 + -9607. Suppose -9*h - d = -23*h. What is the hundreds digit of h?
3
Suppose 64 = -2*x + 72. Suppose -7 = 2*m - 5*i - 1880, x*m - 3*i = 3725. What is the tens digit of m?
2
Suppose 6 = 3*i, -3*k + 5*i + 12 = 22. Suppose -4*w + q + 1211 + 442 = 0, k = 2*w + 2*q - 814. What is the hundreds digit of w?
4
Let x(w) = -59*w + 259. Let q be x(9). Let k = q + 1001. What is the units digit of k?
9
Suppose 4*m - 13*m = -36. Suppose 27 = m*o - 4*p - 5, -2*o + p + 12 = 0. Suppose o*n + b = -b + 14, -3*b = 4*n - 11. What is the units digit of n?
5
Let z(t) = -13*t - 16. Let g(i) be the first derivative of -i**4/4 + 5*i**3/3 - 3*i**2/2 + 11*i + 1. Let m be g(5). What is the units digit of z(m)?
6
Suppose -b = 3*z - 23353, -z = 4*b - 4*z - 93397. What is the ten thousands digit of b?
2
Let q(o) = -11*o**3 + 3*o**2 - 2*o - 25. Let p be q(-4). Let d = -430 + p. What is the units digit of d?
5
Suppose -5*b = -3*r + 52952 + 36843, 0 = 4*r + 3*b - 119659. What is the hundreds digit of r?
9
Let l be 136/(-119) + 14/7 - (-15)/7. Suppose 3*r + 11 = 26. Suppose -2*v + l*o - 30 = -358, 803 = r*v + o. What is the hundreds digit of v?
1
What is the units digit of 197595/6 + -3*2/(-12)?
3
Suppose 5*i + 15 = -3*p, -2*i - 9 + 24 = -3*p. Suppose i = 10*u - 13*u + 2169. What is the units digit of u?
3
What is the hundreds digit of (-2)/22*1 - 14/((-770)/813345)?
7
Let a be 11/(66/405)*(-16)/(-20). Let c(h) = 